{"id":6063,"date":"2024-09-14T11:19:52","date_gmt":"2024-09-14T11:19:52","guid":{"rendered":"https:\/\/ayodele.cv\/imobiliaria\/?post_type=property&#038;p=6063"},"modified":"2024-09-14T11:19:54","modified_gmt":"2024-09-14T11:19:54","slug":"disponivel-para-venda-lote-de-terreno-com-280m2-de-area-na-zona-de-ribeira-de-passarao-mindelo-sao-vicente-cabo-verde","status":"publish","type":"property","link":"https:\/\/ayodele.cv\/imobiliaria\/property\/disponivel-para-venda-lote-de-terreno-com-280m2-de-area-na-zona-de-ribeira-de-passarao-mindelo-sao-vicente-cabo-verde\/","title":{"rendered":"Dispon\u00edvel para venda lote de terreno com 280m2 de \u00e1rea na Zona de Ribeira de Passar\u00e3o, Mindelo, S\u00e3o Vicente, Cabo Verde."},"content":{"rendered":"\n<p><\/p>\n\n\n\n<p><\/p>\n\n\n<div class=\"xdj266r x11i5rnm xat24cr x1mh8g0r x1vvkbs x126k92a\">\n<div dir=\"auto\">\n<div class=\"xdj266r x11i5rnm xat24cr x1mh8g0r x1vvkbs x126k92a\">\n<div dir=\"auto\">Dispon\u00edvel para venda lote de terreno com 280m2 de \u00e1rea na Zona de Ribeira de Passar\u00e3o, Mindelo, S\u00e3o Vicente, Cabo Verde.<\/div>\n<div dir=\"auto\">\u00a0<\/div>\n<div dir=\"auto\">Com projeto para 3 pisos Sendo r\u00e9s do ch\u00e3o \u00e1rea comercial mais p\u00e1tio,<\/div>\n<div dir=\"auto\">1\u00ba piso t3<\/div>\n<div dir=\"auto\">2 \u00ba piso t3<\/div>\n<div dir=\"auto\">Pronto a construir.<\/div>\n<div dir=\"auto\">\u00a0<\/div>\n<\/div>\n<div class=\"x11i5rnm xat24cr x1mh8g0r x1vvkbs xtlvy1s x126k92a\">\n<div dir=\"auto\">Pre\u00e7o : 1850 Contos negoci\u00e1vel<\/div>\n<\/div>\n<div class=\"x11i5rnm xat24cr x1mh8g0r x1vvkbs xtlvy1s x126k92a\">\n<div dir=\"auto\">Para mais informa\u00e7\u00f5es, entre em contacto atrav\u00e9s de mensagem privada, messenger, ou pelo n\u00famero de telefone e tamb\u00e9m whatsapp<\/div>\n<div dir=\"auto\">+2385878444<\/div>\n<div dir=\"auto\">Paulo Rocha<\/div>\n<div dir=\"auto\">Gratos<\/div>\n<\/div>\n<\/div>\n<\/div>\n<div class=\"x11i5rnm xat24cr x1mh8g0r x1vvkbs xtlvy1s x126k92a\">\u00a0<\/div>\n<div class=\"x11i5rnm xat24cr x1mh8g0r x1vvkbs xtlvy1s x126k92a\">\n<div dir=\"auto\">\u00a0<\/div>\n<\/div>\n\n\n<p><\/p>\n","protected":false},"excerpt":{"rendered":"<p>Dispon\u00edvel para venda lote de terreno com 280m2 de \u00e1rea na Zona de Ribeira de Passar\u00e3o, Mindelo, S\u00e3o Vicente, Cabo Verde. \u00a0 Com projeto para 3 pisos Sendo r\u00e9s do ch\u00e3o \u00e1rea comercial mais p\u00e1tio, 1\u00ba piso t3 2 \u00ba piso t3 Pronto a construir. \u00a0 Pre\u00e7o : 1850 Contos negoci\u00e1vel Para mais informa\u00e7\u00f5es, entre [&hellip;]<\/p>\n","protected":false},"author":1,"featured_media":6071,"parent":0,"menu_order":0,"template":"","property_type":[95],"property_status":[27],"property_feature":[],"property_label":[],"property_country":[],"property_city":[105],"class_list":["post-6063","property","type-property","status-publish","has-post-thumbnail","hentry","property_type-venda","property_status-venda","property_city-sao-vicente-2"],"property_meta":{"_vc_post_settings":["a:1:{s:10:\"vc_grid_id\";a:0:{}}","a:1:{s:10:\"vc_grid_id\";a:0:{}}","a:1:{s:10:\"vc_grid_id\";a:0:{}}","a:1:{s:10:\"vc_grid_id\";a:0:{}}","a:1:{s:10:\"vc_grid_id\";a:0:{}}","a:1:{s:10:\"vc_grid_id\";a:0:{}}","a:1:{s:10:\"vc_grid_id\";a:0:{}}","a:1:{s:10:\"vc_grid_id\";a:0:{}}","a:1:{s:10:\"vc_grid_id\";a:0:{}}","a:1:{s:10:\"vc_grid_id\";a:0:{}}","a:1:{s:10:\"vc_grid_id\";a:0:{}}","a:1:{s:10:\"vc_grid_id\";a:0:{}}","a:1:{s:10:\"vc_grid_id\";a:0:{}}","a:1:{s:10:\"vc_grid_id\";a:0:{}}","a:1:{s:10:\"vc_grid_id\";a:0:{}}","a:1:{s:10:\"vc_grid_id\";a:0:{}}","a:1:{s:10:\"vc_grid_id\";a:0:{}}","a:1:{s:10:\"vc_grid_id\";a:0:{}}","a:1:{s:10:\"vc_grid_id\";a:0:{}}","a:1:{s:10:\"vc_grid_id\";a:0:{}}","a:1:{s:10:\"vc_grid_id\";a:0:{}}","a:1:{s:10:\"vc_grid_id\";a:0:{}}","a:1:{s:10:\"vc_grid_id\";a:0:{}}","a:1:{s:10:\"vc_grid_id\";a:0:{}}","a:1:{s:10:\"vc_grid_id\";a:0:{}}","a:1:{s:10:\"vc_grid_id\";a:0:{}}","a:1:{s:10:\"vc_grid_id\";a:0:{}}"],"_houzez_expiration_date_status":["saved"],"fave_agent_display_option":["agent_info"],"fave_property_address":["Zona de Ribeira de Passar\u00e3o, Mindelo, S\u00e3o Vicente"],"houzez_featured_listing_date":["2023-12-25 12:47:10"],"fave_featured":["1"],"fave_floor_plans_enable":["enable"],"_edit_lock":["1726312796:1"],"_wp_page_template":["default"],"_thumbnail_id":["6071"],"fave_single_content_area":["global"],"fave_video_image":["84"],"fave_payment_status":["paid"],"fave_property_map_street_view":["show"],"_dp_original":["432"],"fave_multiunit_plans_enable":["disable"],"houzez_total_property_views":["4251"],"houzez_views_by_date":["a:61:{s:10:\"02-23-2026\";i:1;s:10:\"02-24-2026\";i:2;s:10:\"02-25-2026\";i:3;s:10:\"02-26-2026\";i:4;s:10:\"02-27-2026\";i:1;s:10:\"02-28-2026\";i:2;s:10:\"03-01-2026\";i:2;s:10:\"03-02-2026\";i:2;s:10:\"03-04-2026\";i:2;s:10:\"03-05-2026\";i:3;s:10:\"03-06-2026\";i:3;s:10:\"03-07-2026\";i:4;s:10:\"03-08-2026\";i:3;s:10:\"03-09-2026\";i:3;s:10:\"03-10-2026\";i:6;s:10:\"03-11-2026\";i:1;s:10:\"03-12-2026\";i:4;s:10:\"03-13-2026\";i:5;s:10:\"03-14-2026\";i:4;s:10:\"03-15-2026\";i:6;s:10:\"03-16-2026\";i:6;s:10:\"03-17-2026\";i:7;s:10:\"03-18-2026\";i:2;s:10:\"03-19-2026\";i:2;s:10:\"03-20-2026\";i:5;s:10:\"03-21-2026\";i:1;s:10:\"03-23-2026\";i:1;s:10:\"03-24-2026\";i:5;s:10:\"03-26-2026\";i:2;s:10:\"03-27-2026\";i:2;s:10:\"03-28-2026\";i:7;s:10:\"03-29-2026\";i:3;s:10:\"03-30-2026\";i:7;s:10:\"03-31-2026\";i:1;s:10:\"04-01-2026\";i:2;s:10:\"04-02-2026\";i:4;s:10:\"04-03-2026\";i:1;s:10:\"04-04-2026\";i:5;s:10:\"04-05-2026\";i:3;s:10:\"04-06-2026\";i:2;s:10:\"04-07-2026\";i:1;s:10:\"04-08-2026\";i:2;s:10:\"04-09-2026\";i:2;s:10:\"04-10-2026\";i:4;s:10:\"04-12-2026\";i:7;s:10:\"04-13-2026\";i:4;s:10:\"04-14-2026\";i:9;s:10:\"04-15-2026\";i:7;s:10:\"04-16-2026\";i:1;s:10:\"04-17-2026\";i:2;s:10:\"04-18-2026\";i:5;s:10:\"04-20-2026\";i:6;s:10:\"04-21-2026\";i:3;s:10:\"04-23-2026\";i:3;s:10:\"04-25-2026\";i:2;s:10:\"04-26-2026\";i:3;s:10:\"04-27-2026\";i:3;s:10:\"04-28-2026\";i:5;s:10:\"04-29-2026\";i:8;s:10:\"04-30-2026\";i:2;s:10:\"05-01-2026\";i:2;}"],"fave_single_top_area":["global"],"houzez_recently_viewed":["2026-05-01 12:33:42"],"houzez_geolocation_lat":["34.0847947","34.0847947"],"houzez_geolocation_long":["-118.2211804","-118.2211804"],"_edit_last":["1"],"houzez_manual_expire":["0"],"additional_features":["a:3:{i:0;a:2:{s:29:\"fave_additional_feature_title\";s:9:\"Amenities\";s:29:\"fave_additional_feature_value\";s:9:\"Clubhouse\";}i:1;a:2:{s:29:\"fave_additional_feature_title\";s:17:\"Additional Rooms:\";s:29:\"fave_additional_feature_value\";s:10:\"Guest Bath\";}i:2;a:2:{s:29:\"fave_additional_feature_title\";s:9:\"Equipment\";s:29:\"fave_additional_feature_value\";s:11:\"Grill - Gas\";}}"],"fave_additional_features_enable":["enable"],"fave_agents":["156"],"fave_property_country":["US"],"fave_property_location":["34.0847947,-118.2211804,14"],"fave_property_map_address":["Mindelo, S\u00e3o Vicente"],"fave_property_map":["1"],"fave_property_id":["0021"],"fave_property_garage":["0"],"fave_property_land_postfix":["280m2"],"fave_property_images":["6071","6073","6065","6072","6064","6066","6067","6068","6069","6070","6074"]},"_links":{"self":[{"href":"https:\/\/ayodele.cv\/imobiliaria\/wp-json\/wp\/v2\/properties\/6063","targetHints":{"allow":["GET"]}}],"collection":[{"href":"https:\/\/ayodele.cv\/imobiliaria\/wp-json\/wp\/v2\/properties"}],"about":[{"href":"https:\/\/ayodele.cv\/imobiliaria\/wp-json\/wp\/v2\/types\/property"}],"author":[{"embeddable":true,"href":"https:\/\/ayodele.cv\/imobiliaria\/wp-json\/wp\/v2\/users\/1"}],"version-history":[{"count":1,"href":"https:\/\/ayodele.cv\/imobiliaria\/wp-json\/wp\/v2\/properties\/6063\/revisions"}],"predecessor-version":[{"id":6075,"href":"https:\/\/ayodele.cv\/imobiliaria\/wp-json\/wp\/v2\/properties\/6063\/revisions\/6075"}],"wp:featuredmedia":[{"embeddable":true,"href":"https:\/\/ayodele.cv\/imobiliaria\/wp-json\/wp\/v2\/media\/6071"}],"wp:attachment":[{"href":"https:\/\/ayodele.cv\/imobiliaria\/wp-json\/wp\/v2\/media?parent=6063"}],"wp:term":[{"taxonomy":"property_type","embeddable":true,"href":"https:\/\/ayodele.cv\/imobiliaria\/wp-json\/wp\/v2\/property_type?post=6063"},{"taxonomy":"property_status","embeddable":true,"href":"https:\/\/ayodele.cv\/imobiliaria\/wp-json\/wp\/v2\/property_status?post=6063"},{"taxonomy":"property_feature","embeddable":true,"href":"https:\/\/ayodele.cv\/imobiliaria\/wp-json\/wp\/v2\/property_feature?post=6063"},{"taxonomy":"property_label","embeddable":true,"href":"https:\/\/ayodele.cv\/imobiliaria\/wp-json\/wp\/v2\/property_label?post=6063"},{"taxonomy":"property_country","embeddable":true,"href":"https:\/\/ayodele.cv\/imobiliaria\/wp-json\/wp\/v2\/property_country?post=6063"},{"taxonomy":"property_city","embeddable":true,"href":"https:\/\/ayodele.cv\/imobiliaria\/wp-json\/wp\/v2\/property_city?post=6063"}],"curies":[{"name":"wp","href":"https:\/\/api.w.org\/{rel}","templated":true}]}}

Disponível para venda lote de terreno com 280m2 de área na Zona de Ribeira de Passarão, Mindelo, São Vicente, Cabo Verde.

<p></p>



<p></p>


<div class="xdj266r x11i5rnm xat24cr x1mh8g0r x1vvkbs x126k92a">
<div dir="auto">
<div class="xdj266r x11i5rnm xat24cr x1mh8g0r x1vvkbs x126k92a">
<div dir="auto">Disponível para venda lote de terreno com 280m2 de área na Zona de Ribeira de Passarão, Mindelo, São Vicente, Cabo Verde.</div>
<div dir="auto"> </div>
<div dir="auto">Com projeto para 3 pisos Sendo rés do chão área comercial mais pátio,</div>
<div dir="auto">1º piso t3</div>
<div dir="auto">2 º piso t3</div>
<div dir="auto">Pronto a construir.</div>
<div dir="auto"> </div>
</div>
<div class="x11i5rnm xat24cr x1mh8g0r x1vvkbs xtlvy1s x126k92a">
<div dir="auto">Preço : 1850 Contos negociável</div>
</div>
<div class="x11i5rnm xat24cr x1mh8g0r x1vvkbs xtlvy1s x126k92a">
<div dir="auto">Para mais informações, entre em contacto através de mensagem privada, messenger, ou pelo número de telefone e também whatsapp</div>
<div dir="auto">+2385878444</div>
<div dir="auto">Paulo Rocha</div>
<div dir="auto">Gratos</div>
</div>
</div>
</div>
<div class="x11i5rnm xat24cr x1mh8g0r x1vvkbs xtlvy1s x126k92a"> </div>
<div class="x11i5rnm xat24cr x1mh8g0r x1vvkbs xtlvy1s x126k92a">
<div dir="auto"> </div>
</div>


<p></p>

<p>Disponível para venda lote de terreno com 280m2 de área na Zona de Ribeira de Passarão, Mindelo, São Vicente, Cabo Verde.   Com projeto para 3 pisos Sendo rés do chão área comercial mais pátio, 1º piso t3 2 º piso t3 Pronto a construir.   Preço : 1850 Contos negociável Para mais informações, entre [&hellip;]</p>

Zona de Ribeira de Passarão, Mindelo, São Vicente

Mindelo, São Vicente
