{"id":6060,"date":"2024-08-29T20:08:40","date_gmt":"2024-08-29T20:08:40","guid":{"rendered":"https:\/\/ayodele.cv\/imobiliaria\/?post_type=property&#038;p=6060"},"modified":"2024-10-01T19:07:54","modified_gmt":"2024-10-01T19:07:54","slug":"disponivel-para-venda-um-edificio-residencial-com-3-apartamentos-em-fundo-de-timoteo-espia-sao-vicente-mindelo-cabo-verde","status":"publish","type":"property","link":"https:\/\/ayodele.cv\/imobiliaria\/property\/disponivel-para-venda-um-edificio-residencial-com-3-apartamentos-em-fundo-de-timoteo-espia-sao-vicente-mindelo-cabo-verde\/","title":{"rendered":"Dispon\u00edvel para venda\u00a0 um edif\u00edcio residencial com 3 Apartamentos em Fundo de Tim\u00f3teo, Espia, S\u00e3o Vicente, Mindelo, Cabo Verde"},"content":{"rendered":"\n<p><\/p>\n\n\n\n<p><\/p>\n\n\n<div class=\"xdj266r x11i5rnm xat24cr x1mh8g0r x1vvkbs x126k92a\">\n<div dir=\"auto\">\n<div class=\"xdj266r x11i5rnm xat24cr x1mh8g0r x1vvkbs x126k92a\">\n<div dir=\"auto\">\n<div dir=\"auto\">\n<div class=\"flex flex-grow flex-col max-w-full\">\n<div class=\"min-h-[20px] text-message flex flex-col items-start whitespace-pre-wrap break-words [.text-message+&amp;]:mt-5 juice:w-full juice:items-end overflow-x-auto gap-2\" dir=\"auto\" data-message-author-role=\"assistant\" data-message-id=\"e3938946-db1c-4731-b3c8-bb4a8de449a1\">\n<div class=\"flex w-full flex-col gap-1 juice:empty:hidden juice:first:pt-[3px]\">\n<div class=\"markdown prose w-full break-words dark:prose-invert dark\">\n<p>Dispon\u00edvel para venda\u00a0 um edif\u00edcio residencial com 3 Apartamentos em Fundo de Tim\u00f3teo, Espia, S\u00e3o Vicente, Mindelo, Cabo Verde<\/p>\n<p>Este im\u00f3vel \u00e9 composto por tr\u00eas apartamentos bem projetados \u2014 dois T2 e um T1 \u2014 oferecendo flexibilidade de venda em separado ou como um conjunto estrat\u00e9gico para maximizar retornos.<\/p>\n<p><strong>Destaques do Im\u00f3vel<\/strong><\/p>\n<ul>\n<li><strong>Diversidade e Flexibilidade<\/strong>: Com dois apartamentos T2 e um T1, este edif\u00edcio oferece versatilidade tanto para alugar quanto para venda. Cada unidade foi planejada com aten\u00e7\u00e3o aos detalhes, proporcionando ambientes confort\u00e1veis e funcionais, ideais para fam\u00edlias ou indiv\u00edduos.<\/li>\n<li><strong>Retorno Sobre Investimento<\/strong><\/li>\n<\/ul>\n<p>Este im\u00f3vel \u00e9 uma oportunidade imperd\u00edvel para investidores que buscam diversificar seu portf\u00f3lio.<\/p>\n<p>Pre\u00e7o : 175000 EUR Negoci\u00e1veis<\/p>\n<p>Para mais informa\u00e7\u00f5es por favor entre em contato atrav\u00e9s de mensagem privada ou pelo telefone WhatsApp<\/p>\n<p>+2385878444<\/p>\n<p>Paulo Rocha<\/p>\n<p>Gratos<\/p>\n<div class=\"x11i5rnm xat24cr x1mh8g0r x1vvkbs xtlvy1s x126k92a\">\n<div dir=\"auto\">\u00a0<\/div>\n<\/div>\n<\/div>\n<\/div>\n<\/div>\n<\/div>\n<\/div>\n<\/div>\n<\/div>\n<div dir=\"auto\">\n<div class=\"\" data-block=\"true\" data-editor=\"9mr4\" data-offset-key=\"77anj-0-0\">\n<div class=\"_1mf _1mj\" data-offset-key=\"77anj-0-0\">\u00a0<\/div>\n<\/div>\n<\/div>\n<div class=\"x11i5rnm xat24cr x1mh8g0r x1vvkbs xtlvy1s x126k92a\">\n<div dir=\"auto\">\u00a0<\/div>\n<\/div>\n<\/div>\n<\/div>\n\n\n<p><\/p>\n","protected":false},"excerpt":{"rendered":"<p>Dispon\u00edvel para venda\u00a0 um edif\u00edcio residencial com 3 Apartamentos em Fundo de Tim\u00f3teo, Espia, S\u00e3o Vicente, Mindelo, Cabo Verde Este im\u00f3vel \u00e9 composto por tr\u00eas apartamentos bem projetados \u2014 dois T2 e um T1 \u2014 oferecendo flexibilidade de venda em separado ou como um conjunto estrat\u00e9gico para maximizar retornos. Destaques do Im\u00f3vel Diversidade e Flexibilidade: [&hellip;]<\/p>\n","protected":false},"author":1,"featured_media":0,"parent":0,"menu_order":0,"template":"","property_type":[95],"property_status":[27],"property_feature":[],"property_label":[],"property_country":[],"property_city":[100],"class_list":["post-6060","property","type-property","status-publish","hentry","property_type-venda","property_status-venda","property_city-sao-vicente"],"property_meta":{"fave_property_map_address":["Mindelo, S\u00e3o Vicente"],"fave_property_map":["1"],"fave_property_id":["0021"],"_vc_post_settings":["a:1:{s:10:\"vc_grid_id\";a:0:{}}","a:1:{s:10:\"vc_grid_id\";a:0:{}}","a:1:{s:10:\"vc_grid_id\";a:0:{}}","a:1:{s:10:\"vc_grid_id\";a:0:{}}","a:1:{s:10:\"vc_grid_id\";a:0:{}}","a:1:{s:10:\"vc_grid_id\";a:0:{}}","a:1:{s:10:\"vc_grid_id\";a:0:{}}","a:1:{s:10:\"vc_grid_id\";a:0:{}}","a:1:{s:10:\"vc_grid_id\";a:0:{}}","a:1:{s:10:\"vc_grid_id\";a:0:{}}","a:1:{s:10:\"vc_grid_id\";a:0:{}}","a:1:{s:10:\"vc_grid_id\";a:0:{}}","a:1:{s:10:\"vc_grid_id\";a:0:{}}","a:1:{s:10:\"vc_grid_id\";a:0:{}}","a:1:{s:10:\"vc_grid_id\";a:0:{}}","a:1:{s:10:\"vc_grid_id\";a:0:{}}","a:1:{s:10:\"vc_grid_id\";a:0:{}}","a:1:{s:10:\"vc_grid_id\";a:0:{}}","a:1:{s:10:\"vc_grid_id\";a:0:{}}","a:1:{s:10:\"vc_grid_id\";a:0:{}}","a:1:{s:10:\"vc_grid_id\";a:0:{}}","a:1:{s:10:\"vc_grid_id\";a:0:{}}","a:1:{s:10:\"vc_grid_id\";a:0:{}}","a:1:{s:10:\"vc_grid_id\";a:0:{}}","a:1:{s:10:\"vc_grid_id\";a:0:{}}","a:1:{s:10:\"vc_grid_id\";a:0:{}}","a:1:{s:10:\"vc_grid_id\";a:0:{}}"],"houzez_geolocation_lat":["34.0847947","34.0847947"],"houzez_geolocation_long":["-118.2211804","-118.2211804"],"fave_property_country":["US"],"fave_agents":["156"],"fave_additional_features_enable":["enable"],"additional_features":["a:3:{i:0;a:2:{s:29:\"fave_additional_feature_title\";s:9:\"Amenities\";s:29:\"fave_additional_feature_value\";s:9:\"Clubhouse\";}i:1;a:2:{s:29:\"fave_additional_feature_title\";s:17:\"Additional Rooms:\";s:29:\"fave_additional_feature_value\";s:10:\"Guest Bath\";}i:2;a:2:{s:29:\"fave_additional_feature_title\";s:9:\"Equipment\";s:29:\"fave_additional_feature_value\";s:11:\"Grill - Gas\";}}"],"houzez_manual_expire":["0"],"_edit_last":["1"],"houzez_recently_viewed":["2026-04-29 20:44:54"],"fave_single_top_area":["global"],"houzez_views_by_date":["a:61:{s:10:\"02-21-2026\";i:4;s:10:\"02-22-2026\";i:1;s:10:\"02-23-2026\";i:1;s:10:\"02-24-2026\";i:3;s:10:\"02-25-2026\";i:2;s:10:\"02-26-2026\";i:3;s:10:\"02-27-2026\";i:1;s:10:\"02-28-2026\";i:2;s:10:\"03-02-2026\";i:1;s:10:\"03-03-2026\";i:6;s:10:\"03-04-2026\";i:1;s:10:\"03-05-2026\";i:1;s:10:\"03-07-2026\";i:8;s:10:\"03-08-2026\";i:2;s:10:\"03-09-2026\";i:2;s:10:\"03-10-2026\";i:6;s:10:\"03-11-2026\";i:2;s:10:\"03-12-2026\";i:5;s:10:\"03-13-2026\";i:4;s:10:\"03-14-2026\";i:4;s:10:\"03-15-2026\";i:9;s:10:\"03-16-2026\";i:6;s:10:\"03-17-2026\";i:3;s:10:\"03-18-2026\";i:5;s:10:\"03-19-2026\";i:2;s:10:\"03-20-2026\";i:8;s:10:\"03-21-2026\";i:3;s:10:\"03-22-2026\";i:3;s:10:\"03-23-2026\";i:2;s:10:\"03-24-2026\";i:4;s:10:\"03-26-2026\";i:3;s:10:\"03-28-2026\";i:7;s:10:\"03-29-2026\";i:3;s:10:\"03-30-2026\";i:6;s:10:\"04-01-2026\";i:1;s:10:\"04-03-2026\";i:1;s:10:\"04-04-2026\";i:3;s:10:\"04-05-2026\";i:1;s:10:\"04-06-2026\";i:3;s:10:\"04-07-2026\";i:2;s:10:\"04-08-2026\";i:1;s:10:\"04-09-2026\";i:3;s:10:\"04-10-2026\";i:3;s:10:\"04-11-2026\";i:4;s:10:\"04-12-2026\";i:4;s:10:\"04-13-2026\";i:6;s:10:\"04-14-2026\";i:5;s:10:\"04-15-2026\";i:5;s:10:\"04-17-2026\";i:1;s:10:\"04-18-2026\";i:4;s:10:\"04-19-2026\";i:2;s:10:\"04-20-2026\";i:3;s:10:\"04-21-2026\";i:3;s:10:\"04-22-2026\";i:1;s:10:\"04-23-2026\";i:2;s:10:\"04-24-2026\";i:1;s:10:\"04-25-2026\";i:4;s:10:\"04-26-2026\";i:4;s:10:\"04-27-2026\";i:2;s:10:\"04-28-2026\";i:2;s:10:\"04-29-2026\";i:2;}"],"houzez_total_property_views":["4579"],"fave_multiunit_plans_enable":["disable"],"_dp_original":["432"],"fave_property_map_street_view":["show"],"fave_agent_display_option":["agent_info"],"fave_property_address":["Espia, Mindelo, S\u00e3o Vicente"],"houzez_featured_listing_date":["2023-12-25 12:47:10"],"fave_featured":["1"],"fave_floor_plans_enable":["enable"],"_edit_lock":["1727809685:1"],"_wp_page_template":["default"],"fave_single_content_area":["global"],"fave_video_image":["84"],"fave_payment_status":["paid"],"_houzez_expiration_date_status":["saved"],"fave_property_location":["34.0847947,-118.2211804,14"],"fave_video_url":["https:\/\/youtu.be\/2xUQPZEbp-8"]},"_links":{"self":[{"href":"https:\/\/ayodele.cv\/imobiliaria\/wp-json\/wp\/v2\/properties\/6060","targetHints":{"allow":["GET"]}}],"collection":[{"href":"https:\/\/ayodele.cv\/imobiliaria\/wp-json\/wp\/v2\/properties"}],"about":[{"href":"https:\/\/ayodele.cv\/imobiliaria\/wp-json\/wp\/v2\/types\/property"}],"author":[{"embeddable":true,"href":"https:\/\/ayodele.cv\/imobiliaria\/wp-json\/wp\/v2\/users\/1"}],"version-history":[{"count":3,"href":"https:\/\/ayodele.cv\/imobiliaria\/wp-json\/wp\/v2\/properties\/6060\/revisions"}],"predecessor-version":[{"id":6079,"href":"https:\/\/ayodele.cv\/imobiliaria\/wp-json\/wp\/v2\/properties\/6060\/revisions\/6079"}],"wp:attachment":[{"href":"https:\/\/ayodele.cv\/imobiliaria\/wp-json\/wp\/v2\/media?parent=6060"}],"wp:term":[{"taxonomy":"property_type","embeddable":true,"href":"https:\/\/ayodele.cv\/imobiliaria\/wp-json\/wp\/v2\/property_type?post=6060"},{"taxonomy":"property_status","embeddable":true,"href":"https:\/\/ayodele.cv\/imobiliaria\/wp-json\/wp\/v2\/property_status?post=6060"},{"taxonomy":"property_feature","embeddable":true,"href":"https:\/\/ayodele.cv\/imobiliaria\/wp-json\/wp\/v2\/property_feature?post=6060"},{"taxonomy":"property_label","embeddable":true,"href":"https:\/\/ayodele.cv\/imobiliaria\/wp-json\/wp\/v2\/property_label?post=6060"},{"taxonomy":"property_country","embeddable":true,"href":"https:\/\/ayodele.cv\/imobiliaria\/wp-json\/wp\/v2\/property_country?post=6060"},{"taxonomy":"property_city","embeddable":true,"href":"https:\/\/ayodele.cv\/imobiliaria\/wp-json\/wp\/v2\/property_city?post=6060"}],"curies":[{"name":"wp","href":"https:\/\/api.w.org\/{rel}","templated":true}]}}

Disponível para venda  um edifício residencial com 3 Apartamentos em Fundo de Timóteo, Espia, São Vicente, Mindelo, Cabo Verde

<p></p>



<p></p>


<div class="xdj266r x11i5rnm xat24cr x1mh8g0r x1vvkbs x126k92a">
<div dir="auto">
<div class="xdj266r x11i5rnm xat24cr x1mh8g0r x1vvkbs x126k92a">
<div dir="auto">
<div dir="auto">
<div class="flex flex-grow flex-col max-w-full">
<div class="min-h-[20px] text-message flex flex-col items-start whitespace-pre-wrap break-words [.text-message+&amp;]:mt-5 juice:w-full juice:items-end overflow-x-auto gap-2" dir="auto" data-message-author-role="assistant" data-message-id="e3938946-db1c-4731-b3c8-bb4a8de449a1">
<div class="flex w-full flex-col gap-1 juice:empty:hidden juice:first:pt-[3px]">
<div class="markdown prose w-full break-words dark:prose-invert dark">
<p>Disponível para venda  um edifício residencial com 3 Apartamentos em Fundo de Timóteo, Espia, São Vicente, Mindelo, Cabo Verde</p>
<p>Este imóvel é composto por três apartamentos bem projetados — dois T2 e um T1 — oferecendo flexibilidade de venda em separado ou como um conjunto estratégico para maximizar retornos.</p>
<p><strong>Destaques do Imóvel</strong></p>
<ul>
<li><strong>Diversidade e Flexibilidade</strong>: Com dois apartamentos T2 e um T1, este edifício oferece versatilidade tanto para alugar quanto para venda. Cada unidade foi planejada com atenção aos detalhes, proporcionando ambientes confortáveis e funcionais, ideais para famílias ou indivíduos.</li>
<li><strong>Retorno Sobre Investimento</strong></li>
</ul>
<p>Este imóvel é uma oportunidade imperdível para investidores que buscam diversificar seu portfólio.</p>
<p>Preço : 175000 EUR Negociáveis</p>
<p>Para mais informações por favor entre em contato através de mensagem privada ou pelo telefone WhatsApp</p>
<p>+2385878444</p>
<p>Paulo Rocha</p>
<p>Gratos</p>
<div class="x11i5rnm xat24cr x1mh8g0r x1vvkbs xtlvy1s x126k92a">
<div dir="auto"> </div>
</div>
</div>
</div>
</div>
</div>
</div>
</div>
</div>
<div dir="auto">
<div class="" data-block="true" data-editor="9mr4" data-offset-key="77anj-0-0">
<div class="_1mf _1mj" data-offset-key="77anj-0-0"> </div>
</div>
</div>
<div class="x11i5rnm xat24cr x1mh8g0r x1vvkbs xtlvy1s x126k92a">
<div dir="auto"> </div>
</div>
</div>
</div>


<p></p>

<p>Disponível para venda  um edifício residencial com 3 Apartamentos em Fundo de Timóteo, Espia, São Vicente, Mindelo, Cabo Verde Este imóvel é composto por três apartamentos bem projetados — dois T2 e um T1 — oferecendo flexibilidade de venda em separado ou como um conjunto estratégico para maximizar retornos. Destaques do Imóvel Diversidade e Flexibilidade: [&hellip;]</p>

Mindelo, São Vicente

Espia, Mindelo, São Vicente
