{"id":5772,"date":"2024-06-13T11:34:58","date_gmt":"2024-06-13T11:34:58","guid":{"rendered":"https:\/\/ayodele.cv\/imobiliaria\/?post_type=property&#038;p=5772"},"modified":"2024-07-08T18:24:23","modified_gmt":"2024-07-08T18:24:23","slug":"disponivel-para-venda-lote-de-terreno-de-494-m2-ribeira-de-juliao-sao-vicente-mindelo-cabo-verde","status":"publish","type":"property","link":"https:\/\/ayodele.cv\/imobiliaria\/property\/disponivel-para-venda-lote-de-terreno-de-494-m2-ribeira-de-juliao-sao-vicente-mindelo-cabo-verde\/","title":{"rendered":"Dispon\u00edvel para venda, Lote de terreno de 494 m2 ,Ribeira de Juli\u00e3o, S\u00e3o Vicente, Mindelo, Cabo Verde"},"content":{"rendered":"\n<p><\/p>\n\n\n\n<p><\/p>\n\n\n<div class=\"xdj266r x11i5rnm xat24cr x1mh8g0r x1vvkbs x126k92a\">\n<div dir=\"auto\">\n<div class=\"xdj266r x11i5rnm xat24cr x1mh8g0r x1vvkbs x126k92a\">\n<div dir=\"auto\">\u00a0<\/div>\n<div dir=\"auto\">\n<div dir=\"auto\">\n<div dir=\"auto\">\n<div class=\"xdj266r x11i5rnm xat24cr x1mh8g0r x1vvkbs x126k92a\">\n<div dir=\"auto\">\n<div class=\"\" data-block=\"true\" data-editor=\"95cpm\" data-offset-key=\"86r1k-0-0\">\n<div class=\"_1mf _1mj\" data-offset-key=\"86r1k-0-0\">\n<div class=\"\" data-block=\"true\" data-editor=\"45kt6\" data-offset-key=\"bp2or-0-0\">\n<div class=\"_1mf _1mj\" data-offset-key=\"bp2or-0-0\"><span data-offset-key=\"bp2or-0-0\">Dispon\u00edvel para venda, Lote de terreno de 494 m2 ,Ribeira de Juli\u00e3o, S\u00e3o Vicente, Mindelo, Cabo verde.<\/span><\/div>\n<div data-offset-key=\"bp2or-0-0\">\u00a0<\/div>\n<\/div>\n<div class=\"\" data-block=\"true\" data-editor=\"45kt6\" data-offset-key=\"fm34k-0-0\">\n<div class=\"_1mf _1mj\" data-offset-key=\"fm34k-0-0\"><span data-offset-key=\"fm34k-0-0\">Para mais informa\u00e7\u00f5es, entre em contacto atrav\u00e9s de mensagem privada, messenger, ou pelo n\u00famero de telefone e tamb\u00e9m whatsapp<\/span><\/div>\n<\/div>\n<div class=\"\" data-block=\"true\" data-editor=\"45kt6\" data-offset-key=\"sos3-0-0\">\n<div class=\"_1mf _1mj\" data-offset-key=\"sos3-0-0\"><span data-offset-key=\"sos3-0-0\">+2385878444<\/span><\/div>\n<\/div>\n<div class=\"\" data-block=\"true\" data-editor=\"45kt6\" data-offset-key=\"d48vg-0-0\">\n<div class=\"_1mf _1mj\" data-offset-key=\"d48vg-0-0\"><span data-offset-key=\"d48vg-0-0\">Paulo Rocha<\/span><\/div>\n<\/div>\n<div class=\"\" data-block=\"true\" data-editor=\"45kt6\" data-offset-key=\"8foq8-0-0\">\n<div class=\"_1mf _1mj\" data-offset-key=\"8foq8-0-0\"><span data-offset-key=\"8foq8-0-0\">Gratos<\/span><\/div>\n<\/div>\n<\/div>\n<\/div>\n<\/div>\n<\/div>\n<\/div>\n<\/div>\n<\/div>\n<\/div>\n<\/div>\n<\/div>\n\n\n<p><\/p>\n","protected":false},"excerpt":{"rendered":"<p>\u00a0 Dispon\u00edvel para venda, Lote de terreno de 494 m2 ,Ribeira de Juli\u00e3o, S\u00e3o Vicente, Mindelo, Cabo verde. \u00a0 Para mais informa\u00e7\u00f5es, entre em contacto atrav\u00e9s de mensagem privada, messenger, ou pelo n\u00famero de telefone e tamb\u00e9m whatsapp +2385878444 Paulo Rocha Gratos<\/p>\n","protected":false},"author":1,"featured_media":5773,"parent":0,"menu_order":0,"template":"","property_type":[95],"property_status":[27],"property_feature":[],"property_label":[],"property_country":[],"property_city":[105],"class_list":["post-5772","property","type-property","status-publish","has-post-thumbnail","hentry","property_type-venda","property_status-venda","property_city-sao-vicente-2"],"property_meta":{"_vc_post_settings":["a:1:{s:10:\"vc_grid_id\";a:0:{}}","a:1:{s:10:\"vc_grid_id\";a:0:{}}","a:1:{s:10:\"vc_grid_id\";a:0:{}}","a:1:{s:10:\"vc_grid_id\";a:0:{}}","a:1:{s:10:\"vc_grid_id\";a:0:{}}","a:1:{s:10:\"vc_grid_id\";a:0:{}}","a:1:{s:10:\"vc_grid_id\";a:0:{}}","a:1:{s:10:\"vc_grid_id\";a:0:{}}","a:1:{s:10:\"vc_grid_id\";a:0:{}}","a:1:{s:10:\"vc_grid_id\";a:0:{}}","a:1:{s:10:\"vc_grid_id\";a:0:{}}","a:1:{s:10:\"vc_grid_id\";a:0:{}}","a:1:{s:10:\"vc_grid_id\";a:0:{}}","a:1:{s:10:\"vc_grid_id\";a:0:{}}","a:1:{s:10:\"vc_grid_id\";a:0:{}}","a:1:{s:10:\"vc_grid_id\";a:0:{}}","a:1:{s:10:\"vc_grid_id\";a:0:{}}","a:1:{s:10:\"vc_grid_id\";a:0:{}}","a:1:{s:10:\"vc_grid_id\";a:0:{}}","a:1:{s:10:\"vc_grid_id\";a:0:{}}","a:1:{s:10:\"vc_grid_id\";a:0:{}}","a:1:{s:10:\"vc_grid_id\";a:0:{}}","a:1:{s:10:\"vc_grid_id\";a:0:{}}","a:1:{s:10:\"vc_grid_id\";a:0:{}}","a:1:{s:10:\"vc_grid_id\";a:0:{}}","a:1:{s:10:\"vc_grid_id\";a:0:{}}","a:1:{s:10:\"vc_grid_id\";a:0:{}}"],"_houzez_expiration_date_status":["saved"],"fave_agent_display_option":["agent_info"],"fave_property_address":["Mindelo, S\u00e3o Vicente"],"houzez_featured_listing_date":["2023-12-25 12:47:10"],"fave_featured":["1"],"fave_floor_plans_enable":["enable"],"_edit_lock":["1720463071:1"],"_wp_page_template":["default"],"_thumbnail_id":["5773"],"fave_single_content_area":["global"],"fave_video_image":["84"],"fave_payment_status":["paid"],"fave_property_map_street_view":["show"],"_dp_original":["432"],"fave_multiunit_plans_enable":["disable"],"houzez_total_property_views":["4251"],"houzez_views_by_date":["a:61:{s:10:\"02-10-2026\";i:1;s:10:\"02-11-2026\";i:1;s:10:\"02-12-2026\";i:2;s:10:\"02-14-2026\";i:1;s:10:\"02-15-2026\";i:4;s:10:\"02-16-2026\";i:6;s:10:\"02-17-2026\";i:1;s:10:\"02-18-2026\";i:1;s:10:\"02-19-2026\";i:1;s:10:\"02-20-2026\";i:2;s:10:\"02-21-2026\";i:5;s:10:\"02-22-2026\";i:3;s:10:\"02-23-2026\";i:3;s:10:\"02-24-2026\";i:1;s:10:\"02-25-2026\";i:1;s:10:\"02-26-2026\";i:7;s:10:\"02-28-2026\";i:1;s:10:\"03-01-2026\";i:2;s:10:\"03-02-2026\";i:2;s:10:\"03-03-2026\";i:1;s:10:\"03-04-2026\";i:1;s:10:\"03-07-2026\";i:4;s:10:\"03-08-2026\";i:3;s:10:\"03-09-2026\";i:5;s:10:\"03-10-2026\";i:1;s:10:\"03-11-2026\";i:2;s:10:\"03-12-2026\";i:4;s:10:\"03-13-2026\";i:1;s:10:\"03-15-2026\";i:4;s:10:\"03-17-2026\";i:1;s:10:\"03-19-2026\";i:1;s:10:\"03-20-2026\";i:3;s:10:\"03-21-2026\";i:1;s:10:\"03-22-2026\";i:2;s:10:\"03-23-2026\";i:1;s:10:\"03-24-2026\";i:2;s:10:\"03-25-2026\";i:2;s:10:\"03-26-2026\";i:1;s:10:\"03-28-2026\";i:4;s:10:\"03-29-2026\";i:3;s:10:\"03-30-2026\";i:2;s:10:\"03-31-2026\";i:1;s:10:\"04-02-2026\";i:1;s:10:\"04-03-2026\";i:1;s:10:\"04-07-2026\";i:1;s:10:\"04-08-2026\";i:2;s:10:\"04-09-2026\";i:2;s:10:\"04-10-2026\";i:1;s:10:\"04-14-2026\";i:1;s:10:\"04-15-2026\";i:4;s:10:\"04-16-2026\";i:4;s:10:\"04-19-2026\";i:1;s:10:\"04-20-2026\";i:4;s:10:\"04-21-2026\";i:1;s:10:\"04-23-2026\";i:2;s:10:\"04-24-2026\";i:1;s:10:\"04-25-2026\";i:3;s:10:\"04-26-2026\";i:3;s:10:\"04-27-2026\";i:1;s:10:\"04-29-2026\";i:5;s:10:\"04-30-2026\";i:1;}"],"fave_single_top_area":["global"],"houzez_recently_viewed":["2026-04-30 11:34:49"],"houzez_geolocation_lat":["34.0847947","34.0847947"],"houzez_geolocation_long":["-118.2211804","-118.2211804"],"_edit_last":["1"],"houzez_manual_expire":["0"],"additional_features":["a:3:{i:0;a:2:{s:29:\"fave_additional_feature_title\";s:9:\"Amenities\";s:29:\"fave_additional_feature_value\";s:9:\"Clubhouse\";}i:1;a:2:{s:29:\"fave_additional_feature_title\";s:17:\"Additional Rooms:\";s:29:\"fave_additional_feature_value\";s:10:\"Guest Bath\";}i:2;a:2:{s:29:\"fave_additional_feature_title\";s:9:\"Equipment\";s:29:\"fave_additional_feature_value\";s:11:\"Grill - Gas\";}}"],"fave_additional_features_enable":["enable"],"fave_agents":["156"],"fave_property_country":["US"],"fave_property_location":["34.0847947,-118.2211804,14"],"fave_property_map_address":["Mindelo, S\u00e3o Vicente"],"fave_property_map":["1"],"fave_property_id":["0021"],"fave_property_garage":["1"],"fave_property_size_prefix":["3360 m2"],"fave_property_images":["5773"]},"_links":{"self":[{"href":"https:\/\/ayodele.cv\/imobiliaria\/wp-json\/wp\/v2\/properties\/5772","targetHints":{"allow":["GET"]}}],"collection":[{"href":"https:\/\/ayodele.cv\/imobiliaria\/wp-json\/wp\/v2\/properties"}],"about":[{"href":"https:\/\/ayodele.cv\/imobiliaria\/wp-json\/wp\/v2\/types\/property"}],"author":[{"embeddable":true,"href":"https:\/\/ayodele.cv\/imobiliaria\/wp-json\/wp\/v2\/users\/1"}],"version-history":[{"count":1,"href":"https:\/\/ayodele.cv\/imobiliaria\/wp-json\/wp\/v2\/properties\/5772\/revisions"}],"predecessor-version":[{"id":5774,"href":"https:\/\/ayodele.cv\/imobiliaria\/wp-json\/wp\/v2\/properties\/5772\/revisions\/5774"}],"wp:featuredmedia":[{"embeddable":true,"href":"https:\/\/ayodele.cv\/imobiliaria\/wp-json\/wp\/v2\/media\/5773"}],"wp:attachment":[{"href":"https:\/\/ayodele.cv\/imobiliaria\/wp-json\/wp\/v2\/media?parent=5772"}],"wp:term":[{"taxonomy":"property_type","embeddable":true,"href":"https:\/\/ayodele.cv\/imobiliaria\/wp-json\/wp\/v2\/property_type?post=5772"},{"taxonomy":"property_status","embeddable":true,"href":"https:\/\/ayodele.cv\/imobiliaria\/wp-json\/wp\/v2\/property_status?post=5772"},{"taxonomy":"property_feature","embeddable":true,"href":"https:\/\/ayodele.cv\/imobiliaria\/wp-json\/wp\/v2\/property_feature?post=5772"},{"taxonomy":"property_label","embeddable":true,"href":"https:\/\/ayodele.cv\/imobiliaria\/wp-json\/wp\/v2\/property_label?post=5772"},{"taxonomy":"property_country","embeddable":true,"href":"https:\/\/ayodele.cv\/imobiliaria\/wp-json\/wp\/v2\/property_country?post=5772"},{"taxonomy":"property_city","embeddable":true,"href":"https:\/\/ayodele.cv\/imobiliaria\/wp-json\/wp\/v2\/property_city?post=5772"}],"curies":[{"name":"wp","href":"https:\/\/api.w.org\/{rel}","templated":true}]}}

Disponível para venda, Lote de terreno de 494 m2 ,Ribeira de Julião, São Vicente, Mindelo, Cabo Verde

<p></p>



<p></p>


<div class="xdj266r x11i5rnm xat24cr x1mh8g0r x1vvkbs x126k92a">
<div dir="auto">
<div class="xdj266r x11i5rnm xat24cr x1mh8g0r x1vvkbs x126k92a">
<div dir="auto"> </div>
<div dir="auto">
<div dir="auto">
<div dir="auto">
<div class="xdj266r x11i5rnm xat24cr x1mh8g0r x1vvkbs x126k92a">
<div dir="auto">
<div class="" data-block="true" data-editor="95cpm" data-offset-key="86r1k-0-0">
<div class="_1mf _1mj" data-offset-key="86r1k-0-0">
<div class="" data-block="true" data-editor="45kt6" data-offset-key="bp2or-0-0">
<div class="_1mf _1mj" data-offset-key="bp2or-0-0"><span data-offset-key="bp2or-0-0">Disponível para venda, Lote de terreno de 494 m2 ,Ribeira de Julião, São Vicente, Mindelo, Cabo verde.</span></div>
<div data-offset-key="bp2or-0-0"> </div>
</div>
<div class="" data-block="true" data-editor="45kt6" data-offset-key="fm34k-0-0">
<div class="_1mf _1mj" data-offset-key="fm34k-0-0"><span data-offset-key="fm34k-0-0">Para mais informações, entre em contacto através de mensagem privada, messenger, ou pelo número de telefone e também whatsapp</span></div>
</div>
<div class="" data-block="true" data-editor="45kt6" data-offset-key="sos3-0-0">
<div class="_1mf _1mj" data-offset-key="sos3-0-0"><span data-offset-key="sos3-0-0">+2385878444</span></div>
</div>
<div class="" data-block="true" data-editor="45kt6" data-offset-key="d48vg-0-0">
<div class="_1mf _1mj" data-offset-key="d48vg-0-0"><span data-offset-key="d48vg-0-0">Paulo Rocha</span></div>
</div>
<div class="" data-block="true" data-editor="45kt6" data-offset-key="8foq8-0-0">
<div class="_1mf _1mj" data-offset-key="8foq8-0-0"><span data-offset-key="8foq8-0-0">Gratos</span></div>
</div>
</div>
</div>
</div>
</div>
</div>
</div>
</div>
</div>
</div>
</div>


<p></p>

<p>  Disponível para venda, Lote de terreno de 494 m2 ,Ribeira de Julião, São Vicente, Mindelo, Cabo verde.   Para mais informações, entre em contacto através de mensagem privada, messenger, ou pelo número de telefone e também whatsapp +2385878444 Paulo Rocha Gratos</p>

Mindelo, São Vicente
